- -12635?
12632
In base 5, what is 12232 + -4?
12223
In base 16, what is -2 + -2a9?
-2ab
In base 14, what is -aa + 6?
-a4
In base 12, what is 1b6 + -5?
1b1
In base 3, what is 2222021 - 12?
2222002
In base 10, what is 520 + 2?
522
In base 9, what is -38 + -36?
-75
In base 5, what is 10 - -44032?
44042
In base 8, what is -1 + -12774?
-12775
In base 14, what is -3 - -11c?
119
In base 9, what is -188 + -2?
-201
In base 3, what is -2010 - 0?
-2010
In base 2, what is -1100100110 - -1?
-1100100101
In base 3, what is -200222020 + -12?
-200222102
In base 11, what is -3a07 - 3?
-3a0a
In base 7, what is -53 + 1646?
1563
In base 7, what is -105 - 4?
-112
In base 13, what is -5 - -674?
66c
In base 12, what is 1024 + -1?
1023
In base 11, what is 20 + -55?
-35
In base 12, what is 3 - 2a5?
-2a2
In base 9, what is -48884 + 0?
-48884
In base 8, what is -360 - -13?
-345
In base 11, what is -4 + 2220?
2217
In base 2, what is -1001100101000 + -101?
-1001100101101
In base 4, what is -200 - -102?
-32
In base 11, what is -114 + -3?
-117
In base 3, what is -122011110 + -2?
-122011112
In base 5, what is 242 - -103?
400
In base 15, what is 4 + 9?
d
In base 14, what is -9 + 8b?
82
In base 6, what is -4044 - 1?
-4045
In base 13, what is 7 - -16?
20
In base 11, what is 2 + 215?
217
In base 14, what is 79 - -1c?
97
In base 16, what is -6d9f - 4?
-6da3
In base 8, what is 2 - 103?
-101
In base 14, what is -4143 - 3?
-4146
In base 11, what is -20520 - 2?
-20522
In base 15, what is -176 + 0?
-176
In base 2, what is 1000001101 - -11?
1000010000
In base 3, what is 0 + -222100?
-222100
In base 13, what is 2 + -14?
-12
In base 15, what is 59a - -5?
5a0
In base 16, what is -132 - -e?
-124
In base 13, what is 6 + 65?
6b
In base 6, what is 542 + 114?
1100
In base 8, what is 460 - -3?
463
In base 14, what is 2ac + 5?
2b3
In base 16, what is 11 + -4?
d
In base 12, what is 521 + -a?
513
In base 7, what is -15 + 1122?
1104
In base 16, what is 1eb0 - -1?
1eb1
In base 10, what is 703 + 3?
706
In base 9, what is -8 + 44?
35
In base 5, what is 1 + 12?
13
In base 6, what is 2 + 5223?
5225
In base 10, what is -594 - -5?
-589
In base 14, what is -804 + 2?
-802
In base 2, what is -111100100 - 100?
-111101000
In base 7, what is -13513 + 0?
-13513
In base 6, what is -203 + 50?
-113
In base 14, what is -3 - 27?
-2a
In base 11, what is 11229 + 1?
1122a
In base 16, what is 1 - 5d?
-5c
In base 12, what is -a6 - -2?
-a4
In base 8, what is -1625 - -4?
-1621
In base 11, what is -13 - -132?
11a
In base 12, what is 3 - -25?
28
In base 11, what is -2 - -85?
83
In base 8, what is 10 + -134?
-124
In base 11, what is -62 + 94?
32
In base 15, what is 4 + -26b?
-267
In base 11, what is -64 + 243?
18a
In base 13, what is -3 - -38?
35
In base 16, what is -15 - -29?
14
In base 8, what is 2 + 1?
3
In base 9, what is 1 + -155?
-154
In base 12, what is -4 - 79?
-81
In base 12, what is 1 - 13?
-12
In base 6, what is -12025 + 1?
-12024
In base 4, what is -122 + 10?
-112
In base 8, what is 44 + -26?
16
In base 9, what is 3 - 65?
-62
In base 15, what is 1 - -1338?
1339
In base 11, what is -3 + -47?
-4a
In base 7, what is 16 + 521?
540
In base 15, what is e + -27?
-18
In base 6, what is -11 + 233?
222
In base 4, what is 2002 - -2?
2010
In base 7, what is 35 + 16?
54
In base 7, what is 106 + -326?
-220
In base 9, what is -6 + 742?
735
In base 10, what is -35 + 4?
-31
In base 15, what is -13c + -1?
-13d
In base 2, what is 10 + 101000101101?
101000101111
In base 11, what is 2 + -132?
-130
In base 13, what is -3 - 8a?
-90
In base 9, what is 144 + 2?
146
In base 14, what is 5 - -219?
220
In base 6, what is 335 - -2?
341
In base 11, what is 23 + 48?
70
In base 9, what is -2 - 60?
-62
In base 16, what is 50 - -11?
61
In base 14, what is -6 - 30b?
-313
In base 14, what is -5 - -155?
150
In base 11, what is 121 + -21?
100
In base 6, what is 1 - -1002?
1003
In base 11, what is -1 - -192?
191
In base 13, what is -1375 + -2?
-1377
In base 4, what is 3 + -2000?
-1331
In base 10, what is -274 + -3?
-277
In base 15, what is -15 - 0?
-15
In base 7, what is -54640 + 1?
-54636
In base 10, what is 314 - 3?
311
In base 2, what is 100001011110 - -10?
100001100000
In base 8, what is 10 - 27?
-17
In base 11, what is 1a1 + 2a?
220
In base 14, what is 3c - 4?
38
In base 5, what is -1 + -1311?
-1312
In base 3, what is 12 - 1122?
-1110
In base 15, what is 0 - 985?
-985
In base 12, what is -410 - -2?
-40a
In base 5, what is -23 - 210?
-233
In base 16, what is -4 + ace?
aca
In base 13, what is 5 + -38a?
-385
In base 9, what is -1 + 115?
114
In base 3, what is 0 - 22212?
-22212
In base 6, what is -1451 + 1?
-1450
In base 3, what is 102000 - 2?
101221
In base 3, what is -12 + -11110?
-11122
In base 5, what is 1432 + 224?
2211
In base 11, what is 1 + -124a?
-1249
In base 2, what is 11 - -101011111?
101100010
In base 2, what is -11 + 100101000?
100100101
In base 6, what is 1 - -30?
31
In base 6, what is -3 + 325?
322
In base 7, what is -4 - -465?
461
In base 4, what is -23301 - 0?
-23301
In base 6, what is -535 + -2?
-541
In base 13, what is -2 - -12?
10
In base 14, what is -20 + -2?
-22
In base 15, what is -5 - 16bc?
-16c2
In base 9, what is -3154 + 5?
-3148
In base 6, what is 1 - 20233?
-20232
In base 9, what is 0 - -300?
300
In base 16, what is 3d + -2b?
12
In base 5, what is -3 + 12102?
12044
In base 6, what is 5 - -125?
134
In base 9, what is -25 + 66?
41
In base 14, what is 2 + 59?
5b
In base 3, what is 1110000221 - -10?
1110001001
In base 15, what is 0 + -74?
-74
In base 14, what is 5 - 106d?
-1068
In base 6, what is -343 + -113?
-500
In base 4, what is 3202 + 121?
3323
In base 13, what is 4 - -45?
49
In base 12, what is 1980 - 4?
1978
In base 13, what is -13 + -9?
-1c
In base 11, what is -6498 + 2?
-6496
In base 3, what is -111022 + 0?
-111022
In base 4, what is -12102 - -10?
-12032
In base 8, what is -66 + -2?
-70
In base 4, what is 30 - 23?
1
In base 12, what is 501 + 3?
504
In base 4, what is 22 - 312?
-230
In base 12, what is 188 + 1a?
1a6
In base 16, what is -5 - -5b?
56
In base 5, what is -1 + -4411?
-4412
In base 3, what is -2002 + -22?
-2101
In base 5, what is -4 - -220?
211
In base 7, what is 11 + 34?
45
In base 12, what is 3 - 2a60?
-2a59
In base 11, what is -115 - 3?
-118
In base 5, what is 30303 + -4?
30244
In base 3, what is 2011100120 + 2?
2011100122
In base 14, what is -28 + -c8?
-112
In base 7, what is -6 + 1304?
1265
In base 3, what is 10102 - 2?
10100
In base 9, what is -3 - -12230?
12226
In base 11, what is 7 - 4?
3
In base 2, what is -101 + -1000000?
-1000101
In base 12, what is -5 - -9a?
95
In base 3, what is 1202200 - 11?
1202112
In base 10, what is -7 - 46?
-53
In base 11, what is 3570 - 2?
3569
In base 7, what is -121 + -3?
-124
In base 12, what is 52 - 3?
4b
In base 15, what is -528 - 17?
-540
In base 13, what is 6a + 1?
6b
In base 6, what is -1301 - -5?
-1252
In base 8, what is 4 + -1070?
-1064
In base 5, what is -32121 - 3?
-32124
In base 13, what is -19 + -a?
-26
In base 8, what is -1 + -1155?
-1156
In base 13, what is 238 - -8?
243
In base 3, what is 2 + -22021?
-22012
In base 11, what is 2699 + 5?
26a3
In base 2, what is -11011110000 - 0?
-11011110000
In base 8, what is -22 + -4?
-26
In base 2, what is -10 - -11001?
10111
In base 6, what is -233 + -14?
-251
In base 6, what is -45335 + 0?
-45335
In base 12, what is 444 - 5?
43b
In base 2, what is 1 + 10001000?
10001001
In base 8, what is -25 + 1621?
1574
In base 16, what is -13 - -13?
0
In base 9, what is -484 - -4?
-480
In base 10, what is 40 + -40?
0
In base 11, what is -30 - 2?
-32
In base 13, what is -4 + -78?
-7c
In base 16, what is -82 + -3?
-85
In base 16, what is -ac + 1?
-ab
In base 11, what is -12 - 32?
-44
In base 3, what is 0 - -1102222?
1102222
In base 5, what is -3012 + 10?
-3002
In base 3, what is 100 - -11122?
11222
In base 16, what is 4 + 331?
335
In base 15, what is 5e7d - 3?
5e7a
In base 4, what is 1123 + -2?
1121
In base 16, what is 4 - 7b?
-77
In base 2, what is 10 - -11111000?
11111010
In base 2, what is -1111001001 - 101?
-1111001110
In base 7, what is 6004 - 5?
5666
In base 16, what is 53 - -3?
56
In base 5, what is -1342 - -1?
-1341
In base 6, what is 121 - 5?
112
In base 7, what is 32140 - -1?
32141
In base 7, what is -1206 - 5?
-1214
In b